{"id":7887,"date":"2021-05-31T11:47:44","date_gmt":"2021-05-31T09:47:44","guid":{"rendered":"https:\/\/frontaliers-grandest.eu\/?page_id=7887"},"modified":"2024-06-27T15:39:44","modified_gmt":"2024-06-27T13:39:44","slug":"telearbeit-in-deutschland","status":"publish","type":"page","link":"https:\/\/frontaliers-grandest.eu\/de\/startseite\/grenzganger\/frankreich-deutschland\/arbeitsrecht\/telearbeit-in-deutschland\/","title":{"rendered":"Telearbeit in Deutschland"},"content":{"rendered":"\n<p>Angesichts der Schwierigkeiten im Zusammenhang mit der Mobilit\u00e4t \u00fcberlegen&nbsp;<strong>viele Grenzg\u00e4nger, ob f\u00fcr sie nicht alternative Arbeitsformen infrage kommen k\u00f6nnten.<\/strong><\/p>\n\n\n\n<p>Telearbeit stellt eine M\u00f6glichkeit f\u00fcr Arbeitnehmer dar, ihre berufliche T\u00e4tigkeit ganz oder teilweise an einem anderen Ort als ihrem \u00fcblichen Arbeitsplatz auszu\u00fcben, wenn sie dies w\u00fcnschen.<\/p>\n\n\n\n<p>In Deutschland kennt man mehrere Formen der Telearbeit, die Sie nachstehend aufgef\u00fchrt finden.<\/p>\n\n\n\n<p><\/p>\n","protected":false},"excerpt":{"rendered":"<p>Angesichts der Schwierigkeiten im Zusammenhang mit der Mobilit\u00e4t \u00fcberlegen&nbsp;viele Grenzg\u00e4nger, ob f\u00fcr sie nicht alternative Arbeitsformen infrage kommen k\u00f6nnten. Telearbeit stellt eine M\u00f6glichkeit f\u00fcr Arbeitnehmer dar, ihre berufliche T\u00e4tigkeit ganz oder teilweise an einem anderen Ort als ihrem \u00fcblichen Arbeitsplatz auszu\u00fcben, wenn sie dies w\u00fcnschen. In Deutschland kennt man mehrere Formen der Telearbeit, die Sie [&hellip;]<\/p>\n","protected":false},"author":7,"featured_media":0,"parent":7871,"menu_order":4,"comment_status":"closed","ping_status":"closed","template":"","meta":{"inline_featured_image":false,"footnotes":""},"tags":[],"frge_profile":[],"class_list":["post-7887","page","type-page","status-publish","hentry"],"yoast_head":"<!-- This site is optimized with the Yoast SEO plugin v27.1.1 - https:\/\/yoast.com\/product\/yoast-seo-wordpress\/ -->\n<title>Telearbeit in Deutschland - Frontaliers Grand Est<\/title>\n<meta name=\"robots\" content=\"index, follow, max-snippet:-1, max-image-preview:large, max-video-preview:-1\" \/>\n<link rel=\"canonical\" href=\"https:\/\/frontaliers-grandest.eu\/de\/startseite\/grenzganger\/frankreich-deutschland\/arbeitsrecht\/telearbeit-in-deutschland\/\" \/>\n<meta property=\"og:locale\" content=\"de_DE\" \/>\n<meta property=\"og:type\" content=\"article\" \/>\n<meta property=\"og:title\" content=\"Telearbeit in Deutschland - Frontaliers Grand Est\" \/>\n<meta property=\"og:description\" content=\"Angesichts der Schwierigkeiten im Zusammenhang mit der Mobilit\u00e4t \u00fcberlegen&nbsp;viele Grenzg\u00e4nger, ob f\u00fcr sie nicht alternative Arbeitsformen infrage kommen k\u00f6nnten. Telearbeit stellt eine M\u00f6glichkeit f\u00fcr Arbeitnehmer dar, ihre berufliche T\u00e4tigkeit ganz oder teilweise an einem anderen Ort als ihrem \u00fcblichen Arbeitsplatz auszu\u00fcben, wenn sie dies w\u00fcnschen. In Deutschland kennt man mehrere Formen der Telearbeit, die Sie [&hellip;]\" \/>\n<meta property=\"og:url\" content=\"https:\/\/frontaliers-grandest.eu\/de\/startseite\/grenzganger\/frankreich-deutschland\/arbeitsrecht\/telearbeit-in-deutschland\/\" \/>\n<meta property=\"og:site_name\" content=\"Frontaliers Grand Est\" \/>\n<meta property=\"article:publisher\" content=\"https:\/\/www.facebook.com\/frontaliers.GR.EST\/?locale=fr_FR\" \/>\n<meta property=\"article:modified_time\" content=\"2024-06-27T13:39:44+00:00\" \/>\n<meta name=\"twitter:card\" content=\"summary_large_image\" \/>\n<meta name=\"twitter:label1\" content=\"Gesch\u00e4tzte Lesezeit\" \/>\n\t<meta name=\"twitter:data1\" content=\"1\u00a0Minute\" \/>\n<script type=\"application\/ld+json\" class=\"yoast-schema-graph\">{\"@context\":\"https:\/\/schema.org\",\"@graph\":[{\"@type\":\"WebPage\",\"@id\":\"https:\/\/frontaliers-grandest.eu\/de\/startseite\/grenzganger\/frankreich-deutschland\/arbeitsrecht\/telearbeit-in-deutschland\/\",\"url\":\"https:\/\/frontaliers-grandest.eu\/de\/startseite\/grenzganger\/frankreich-deutschland\/arbeitsrecht\/telearbeit-in-deutschland\/\",\"name\":\"Telearbeit in Deutschland - Frontaliers Grand Est\",\"isPartOf\":{\"@id\":\"https:\/\/frontaliers-grandest.eu\/de\/#website\"},\"datePublished\":\"2021-05-31T09:47:44+00:00\",\"dateModified\":\"2024-06-27T13:39:44+00:00\",\"breadcrumb\":{\"@id\":\"https:\/\/frontaliers-grandest.eu\/de\/startseite\/grenzganger\/frankreich-deutschland\/arbeitsrecht\/telearbeit-in-deutschland\/#breadcrumb\"},\"inLanguage\":\"de\",\"potentialAction\":[{\"@type\":\"ReadAction\",\"target\":[\"https:\/\/frontaliers-grandest.eu\/de\/startseite\/grenzganger\/frankreich-deutschland\/arbeitsrecht\/telearbeit-in-deutschland\/\"]}]},{\"@type\":\"BreadcrumbList\",\"@id\":\"https:\/\/frontaliers-grandest.eu\/de\/startseite\/grenzganger\/frankreich-deutschland\/arbeitsrecht\/telearbeit-in-deutschland\/#breadcrumb\",\"itemListElement\":[{\"@type\":\"ListItem\",\"position\":1,\"name\":\"Startseite\",\"item\":\"https:\/\/frontaliers-grandest.eu\/de\/\"},{\"@type\":\"ListItem\",\"position\":2,\"name\":\"Grenzg\u00e4nger\",\"item\":\"https:\/\/frontaliers-grandest.eu\/de\/startseite\/grenzganger\/\"},{\"@type\":\"ListItem\",\"position\":3,\"name\":\"Frankreich - Deutschland\",\"item\":\"https:\/\/frontaliers-grandest.eu\/de\/startseite\/grenzganger\/frankreich-deutschland\/\"},{\"@type\":\"ListItem\",\"position\":4,\"name\":\"Arbeitsrecht in Deutschland\",\"item\":\"https:\/\/frontaliers-grandest.eu\/de\/startseite\/grenzganger\/frankreich-deutschland\/arbeitsrecht\/\"},{\"@type\":\"ListItem\",\"position\":5,\"name\":\"Telearbeit in Deutschland\"}]},{\"@type\":\"WebSite\",\"@id\":\"https:\/\/frontaliers-grandest.eu\/de\/#website\",\"url\":\"https:\/\/frontaliers-grandest.eu\/de\/\",\"name\":\"Frontaliers Grand Est\",\"description\":\"Le site ressource du travail frontalier\",\"publisher\":{\"@id\":\"https:\/\/frontaliers-grandest.eu\/de\/#organization\"},\"alternateName\":\"Frontaliers Grand Est\",\"potentialAction\":[{\"@type\":\"SearchAction\",\"target\":{\"@type\":\"EntryPoint\",\"urlTemplate\":\"https:\/\/frontaliers-grandest.eu\/de\/?s={search_term_string}\"},\"query-input\":{\"@type\":\"PropertyValueSpecification\",\"valueRequired\":true,\"valueName\":\"search_term_string\"}}],\"inLanguage\":\"de\"},{\"@type\":\"Organization\",\"@id\":\"https:\/\/frontaliers-grandest.eu\/de\/#organization\",\"name\":\"Frontaliers Grand Est\",\"alternateName\":\"Frontaliers Grand Est\",\"url\":\"https:\/\/frontaliers-grandest.eu\/de\/\",\"logo\":{\"@type\":\"ImageObject\",\"inLanguage\":\"de\",\"@id\":\"https:\/\/frontaliers-grandest.eu\/de\/#\/schema\/logo\/image\/\",\"url\":\"https:\/\/frontaliers-grandest.eu\/wp-content\/uploads\/2025\/07\/260328234_2966785176920310_3332838526503858160_n.jpg\",\"contentUrl\":\"https:\/\/frontaliers-grandest.eu\/wp-content\/uploads\/2025\/07\/260328234_2966785176920310_3332838526503858160_n.jpg\",\"width\":396,\"height\":396,\"caption\":\"Frontaliers Grand Est\"},\"image\":{\"@id\":\"https:\/\/frontaliers-grandest.eu\/de\/#\/schema\/logo\/image\/\"},\"sameAs\":[\"https:\/\/www.facebook.com\/frontaliers.GR.EST\/?locale=fr_FR\"]}]}<\/script>\n<!-- \/ Yoast SEO plugin. -->","yoast_head_json":{"title":"Telearbeit in Deutschland - Frontaliers Grand Est","robots":{"index":"index","follow":"follow","max-snippet":"max-snippet:-1","max-image-preview":"max-image-preview:large","max-video-preview":"max-video-preview:-1"},"canonical":"https:\/\/frontaliers-grandest.eu\/de\/startseite\/grenzganger\/frankreich-deutschland\/arbeitsrecht\/telearbeit-in-deutschland\/","og_locale":"de_DE","og_type":"article","og_title":"Telearbeit in Deutschland - Frontaliers Grand Est","og_description":"Angesichts der Schwierigkeiten im Zusammenhang mit der Mobilit\u00e4t \u00fcberlegen&nbsp;viele Grenzg\u00e4nger, ob f\u00fcr sie nicht alternative Arbeitsformen infrage kommen k\u00f6nnten. Telearbeit stellt eine M\u00f6glichkeit f\u00fcr Arbeitnehmer dar, ihre berufliche T\u00e4tigkeit ganz oder teilweise an einem anderen Ort als ihrem \u00fcblichen Arbeitsplatz auszu\u00fcben, wenn sie dies w\u00fcnschen. In Deutschland kennt man mehrere Formen der Telearbeit, die Sie [&hellip;]","og_url":"https:\/\/frontaliers-grandest.eu\/de\/startseite\/grenzganger\/frankreich-deutschland\/arbeitsrecht\/telearbeit-in-deutschland\/","og_site_name":"Frontaliers Grand Est","article_publisher":"https:\/\/www.facebook.com\/frontaliers.GR.EST\/?locale=fr_FR","article_modified_time":"2024-06-27T13:39:44+00:00","twitter_card":"summary_large_image","twitter_misc":{"Gesch\u00e4tzte Lesezeit":"1\u00a0Minute"},"schema":{"@context":"https:\/\/schema.org","@graph":[{"@type":"WebPage","@id":"https:\/\/frontaliers-grandest.eu\/de\/startseite\/grenzganger\/frankreich-deutschland\/arbeitsrecht\/telearbeit-in-deutschland\/","url":"https:\/\/frontaliers-grandest.eu\/de\/startseite\/grenzganger\/frankreich-deutschland\/arbeitsrecht\/telearbeit-in-deutschland\/","name":"Telearbeit in Deutschland - Frontaliers Grand Est","isPartOf":{"@id":"https:\/\/frontaliers-grandest.eu\/de\/#website"},"datePublished":"2021-05-31T09:47:44+00:00","dateModified":"2024-06-27T13:39:44+00:00","breadcrumb":{"@id":"https:\/\/frontaliers-grandest.eu\/de\/startseite\/grenzganger\/frankreich-deutschland\/arbeitsrecht\/telearbeit-in-deutschland\/#breadcrumb"},"inLanguage":"de","potentialAction":[{"@type":"ReadAction","target":["https:\/\/frontaliers-grandest.eu\/de\/startseite\/grenzganger\/frankreich-deutschland\/arbeitsrecht\/telearbeit-in-deutschland\/"]}]},{"@type":"BreadcrumbList","@id":"https:\/\/frontaliers-grandest.eu\/de\/startseite\/grenzganger\/frankreich-deutschland\/arbeitsrecht\/telearbeit-in-deutschland\/#breadcrumb","itemListElement":[{"@type":"ListItem","position":1,"name":"Startseite","item":"https:\/\/frontaliers-grandest.eu\/de\/"},{"@type":"ListItem","position":2,"name":"Grenzg\u00e4nger","item":"https:\/\/frontaliers-grandest.eu\/de\/startseite\/grenzganger\/"},{"@type":"ListItem","position":3,"name":"Frankreich - Deutschland","item":"https:\/\/frontaliers-grandest.eu\/de\/startseite\/grenzganger\/frankreich-deutschland\/"},{"@type":"ListItem","position":4,"name":"Arbeitsrecht in Deutschland","item":"https:\/\/frontaliers-grandest.eu\/de\/startseite\/grenzganger\/frankreich-deutschland\/arbeitsrecht\/"},{"@type":"ListItem","position":5,"name":"Telearbeit in Deutschland"}]},{"@type":"WebSite","@id":"https:\/\/frontaliers-grandest.eu\/de\/#website","url":"https:\/\/frontaliers-grandest.eu\/de\/","name":"Frontaliers Grand Est","description":"Le site ressource du travail frontalier","publisher":{"@id":"https:\/\/frontaliers-grandest.eu\/de\/#organization"},"alternateName":"Frontaliers Grand Est","potentialAction":[{"@type":"SearchAction","target":{"@type":"EntryPoint","urlTemplate":"https:\/\/frontaliers-grandest.eu\/de\/?s={search_term_string}"},"query-input":{"@type":"PropertyValueSpecification","valueRequired":true,"valueName":"search_term_string"}}],"inLanguage":"de"},{"@type":"Organization","@id":"https:\/\/frontaliers-grandest.eu\/de\/#organization","name":"Frontaliers Grand Est","alternateName":"Frontaliers Grand Est","url":"https:\/\/frontaliers-grandest.eu\/de\/","logo":{"@type":"ImageObject","inLanguage":"de","@id":"https:\/\/frontaliers-grandest.eu\/de\/#\/schema\/logo\/image\/","url":"https:\/\/frontaliers-grandest.eu\/wp-content\/uploads\/2025\/07\/260328234_2966785176920310_3332838526503858160_n.jpg","contentUrl":"https:\/\/frontaliers-grandest.eu\/wp-content\/uploads\/2025\/07\/260328234_2966785176920310_3332838526503858160_n.jpg","width":396,"height":396,"caption":"Frontaliers Grand Est"},"image":{"@id":"https:\/\/frontaliers-grandest.eu\/de\/#\/schema\/logo\/image\/"},"sameAs":["https:\/\/www.facebook.com\/frontaliers.GR.EST\/?locale=fr_FR"]}]}},"frge_page_order":0,"_links":{"self":[{"href":"https:\/\/frontaliers-grandest.eu\/de\/wp-json\/wp\/v2\/pages\/7887","targetHints":{"allow":["GET"]}}],"collection":[{"href":"https:\/\/frontaliers-grandest.eu\/de\/wp-json\/wp\/v2\/pages"}],"about":[{"href":"https:\/\/frontaliers-grandest.eu\/de\/wp-json\/wp\/v2\/types\/page"}],"author":[{"embeddable":true,"href":"https:\/\/frontaliers-grandest.eu\/de\/wp-json\/wp\/v2\/users\/7"}],"replies":[{"embeddable":true,"href":"https:\/\/frontaliers-grandest.eu\/de\/wp-json\/wp\/v2\/comments?post=7887"}],"version-history":[{"count":2,"href":"https:\/\/frontaliers-grandest.eu\/de\/wp-json\/wp\/v2\/pages\/7887\/revisions"}],"predecessor-version":[{"id":39503,"href":"https:\/\/frontaliers-grandest.eu\/de\/wp-json\/wp\/v2\/pages\/7887\/revisions\/39503"}],"up":[{"embeddable":true,"href":"https:\/\/frontaliers-grandest.eu\/de\/wp-json\/wp\/v2\/pages\/7871"}],"wp:attachment":[{"href":"https:\/\/frontaliers-grandest.eu\/de\/wp-json\/wp\/v2\/media?parent=7887"}],"wp:term":[{"taxonomy":"post_tag","embeddable":true,"href":"https:\/\/frontaliers-grandest.eu\/de\/wp-json\/wp\/v2\/tags?post=7887"},{"taxonomy":"frge_profile","embeddable":true,"href":"https:\/\/frontaliers-grandest.eu\/de\/wp-json\/wp\/v2\/frge_profile?post=7887"}],"curies":[{"name":"wp","href":"https:\/\/api.w.org\/{rel}","templated":true}]}}

<p>Angesichts der Schwierigkeiten im Zusammenhang mit der Mobilität überlegen&nbsp;<strong>viele Grenzgänger, ob für sie nicht alternative Arbeitsformen infrage kommen könnten.</strong></p>



<p>Telearbeit stellt eine Möglichkeit für Arbeitnehmer dar, ihre berufliche Tätigkeit ganz oder teilweise an einem anderen Ort als ihrem üblichen Arbeitsplatz auszuüben, wenn sie dies wünschen.</p>



<p>In Deutschland kennt man mehrere Formen der Telearbeit, die Sie nachstehend aufgeführt finden.</p>



<p></p>

<p>Angesichts der Schwierigkeiten im Zusammenhang mit der Mobilität überlegen&nbsp;viele Grenzgänger, ob für sie nicht alternative Arbeitsformen infrage kommen könnten. Telearbeit stellt eine Möglichkeit für Arbeitnehmer dar, ihre berufliche Tätigkeit ganz oder teilweise an einem anderen Ort als ihrem üblichen Arbeitsplatz auszuüben, wenn sie dies wünschen. In Deutschland kennt man mehrere Formen der Telearbeit, die Sie [&hellip;]</p>

<!-- This site is optimized with the Yoast SEO plugin v27.1.1 - https://yoast.com/product/yoast-seo-wordpress/ -->
<title>Telearbeit in Deutschland - Frontaliers Grand Est</title>
<meta name="robots" content="index, follow, max-snippet:-1, max-image-preview:large, max-video-preview:-1" />
<link rel="canonical" href="https://frontaliers-grandest.eu/de/startseite/grenzganger/frankreich-deutschland/arbeitsrecht/telearbeit-in-deutschland/" />
<meta property="og:locale" content="de_DE" />
<meta property="og:type" content="article" />
<meta property="og:title" content="Telearbeit in Deutschland - Frontaliers Grand Est" />
<meta property="og:description" content="Angesichts der Schwierigkeiten im Zusammenhang mit der Mobilität überlegen&nbsp;viele Grenzgänger, ob für sie nicht alternative Arbeitsformen infrage kommen könnten. Telearbeit stellt eine Möglichkeit für Arbeitnehmer dar, ihre berufliche Tätigkeit ganz oder teilweise an einem anderen Ort als ihrem üblichen Arbeitsplatz auszuüben, wenn sie dies wünschen. In Deutschland kennt man mehrere Formen der Telearbeit, die Sie [&hellip;]" />
<meta property="og:url" content="https://frontaliers-grandest.eu/de/startseite/grenzganger/frankreich-deutschland/arbeitsrecht/telearbeit-in-deutschland/" />
<meta property="og:site_name" content="Frontaliers Grand Est" />
<meta property="article:publisher" content="https://www.facebook.com/frontaliers.GR.EST/?locale=fr_FR" />
<meta property="article:modified_time" content="2024-06-27T13:39:44+00:00" />
<meta name="twitter:card" content="summary_large_image" />
<meta name="twitter:label1" content="Geschätzte Lesezeit" />
	<meta name="twitter:data1" content="1 Minute" />
<script type="application/ld+json" class="yoast-schema-graph">{"@context":"https://schema.org","@graph":[{"@type":"WebPage","@id":"https://frontaliers-grandest.eu/de/startseite/grenzganger/frankreich-deutschland/arbeitsrecht/telearbeit-in-deutschland/","url":"https://frontaliers-grandest.eu/de/startseite/grenzganger/frankreich-deutschland/arbeitsrecht/telearbeit-in-deutschland/","name":"Telearbeit in Deutschland - Frontaliers Grand Est","isPartOf":{"@id":"https://frontaliers-grandest.eu/de/#website"},"datePublished":"2021-05-31T09:47:44+00:00","dateModified":"2024-06-27T13:39:44+00:00","breadcrumb":{"@id":"https://frontaliers-grandest.eu/de/startseite/grenzganger/frankreich-deutschland/arbeitsrecht/telearbeit-in-deutschland/#breadcrumb"},"inLanguage":"de","potentialAction":[{"@type":"ReadAction","target":["https://frontaliers-grandest.eu/de/startseite/grenzganger/frankreich-deutschland/arbeitsrecht/telearbeit-in-deutschland/"]}]},{"@type":"BreadcrumbList","@id":"https://frontaliers-grandest.eu/de/startseite/grenzganger/frankreich-deutschland/arbeitsrecht/telearbeit-in-deutschland/#breadcrumb","itemListElement":[{"@type":"ListItem","position":1,"name":"Startseite","item":"https://frontaliers-grandest.eu/de/"},{"@type":"ListItem","position":2,"name":"Grenzgänger","item":"https://frontaliers-grandest.eu/de/startseite/grenzganger/"},{"@type":"ListItem","position":3,"name":"Frankreich - Deutschland","item":"https://frontaliers-grandest.eu/de/startseite/grenzganger/frankreich-deutschland/"},{"@type":"ListItem","position":4,"name":"Arbeitsrecht in Deutschland","item":"https://frontaliers-grandest.eu/de/startseite/grenzganger/frankreich-deutschland/arbeitsrecht/"},{"@type":"ListItem","position":5,"name":"Telearbeit in Deutschland"}]},{"@type":"WebSite","@id":"https://frontaliers-grandest.eu/de/#website","url":"https://frontaliers-grandest.eu/de/","name":"Frontaliers Grand Est","description":"Le site ressource du travail frontalier","publisher":{"@id":"https://frontaliers-grandest.eu/de/#organization"},"alternateName":"Frontaliers Grand Est","potentialAction":[{"@type":"SearchAction","target":{"@type":"EntryPoint","urlTemplate":"https://frontaliers-grandest.eu/de/?s={search_term_string}"},"query-input":{"@type":"PropertyValueSpecification","valueRequired":true,"valueName":"search_term_string"}}],"inLanguage":"de"},{"@type":"Organization","@id":"https://frontaliers-grandest.eu/de/#organization","name":"Frontaliers Grand Est","alternateName":"Frontaliers Grand Est","url":"https://frontaliers-grandest.eu/de/","logo":{"@type":"ImageObject","inLanguage":"de","@id":"https://frontaliers-grandest.eu/de/#/schema/logo/image/","url":"https://frontaliers-grandest.eu/wp-content/uploads/2025/07/260328234_2966785176920310_3332838526503858160_n.jpg","contentUrl":"https://frontaliers-grandest.eu/wp-content/uploads/2025/07/260328234_2966785176920310_3332838526503858160_n.jpg","width":396,"height":396,"caption":"Frontaliers Grand Est"},"image":{"@id":"https://frontaliers-grandest.eu/de/#/schema/logo/image/"},"sameAs":["https://www.facebook.com/frontaliers.GR.EST/?locale=fr_FR"]}]}</script>
<!-- / Yoast SEO plugin. -->

Angesichts der Schwierigkeiten im Zusammenhang mit der Mobilität überlegen&nbsp;viele Grenzgänger, ob für sie nicht alternative Arbeitsformen infrage kommen könnten. Telearbeit stellt eine Möglichkeit für Arbeitnehmer dar, ihre berufliche Tätigkeit ganz oder teilweise an einem anderen Ort als ihrem üblichen Arbeitsplatz auszuüben, wenn sie dies wünschen. In Deutschland kennt man mehrere Formen der Telearbeit, die Sie [&hellip;]

Grenzgänger
