{"id":58066,"date":"2026-03-03T16:19:40","date_gmt":"2026-03-03T15:19:40","guid":{"rendered":"https:\/\/frontaliers-grandest.eu\/?post_type=frge_events&#038;p=58066"},"modified":"2026-03-03T16:19:41","modified_gmt":"2026-03-03T15:19:41","slug":"messe-cap-entrepreneuriat","status":"publish","type":"frge_events","link":"https:\/\/frontaliers-grandest.eu\/de\/veranstaltungen\/messe-cap-entrepreneuriat\/","title":{"rendered":"Messe Cap Entrepreneuriat"},"content":{"rendered":"\n<p>Planen Sie die Gr\u00fcndung oder \u00dcbernahme eines Unternehmens? Verpassen Sie nicht die Messe <strong>Cap Entrepreneuriat<\/strong>, die am 26. M\u00e4rz 2026 im Metz Congr\u00e8s Robert Schuman stattfindet.<\/p>\n\n\n\n<p>Diese Veranstaltung bringt die wichtigsten Akteure der Gr\u00fcndungs- und Nachfolgeberatung zusammen, um Ihnen konkrete und individuelle Beratung zu bieten und Sie bei der Umsetzung Ihres beruflichen Projekts zu unterst\u00fctzen. Ob Sie Ihr Unternehmen in der Moselle gr\u00fcnden m\u00f6chten oder nach einer T\u00e4tigkeit im Ausland eine R\u00fcckkehr nach Frankreich planen \u2013 diese Messe ist die ideale Gelegenheit, Expertinnen und Experten zu treffen und alle Chancen f\u00fcr Ihren Erfolg zu entdecken.<\/p>\n\n\n\n<p><strong><em>Die Veranstaltung wird von der UE57 organisiert, Partner des EURES-Netzwerks der Gro\u00dfregion<\/em><\/strong><em> <strong>!<\/strong><\/em><\/p>\n\n\n\n<p><strong>PRAKTISCHE INFORMATIONEN:<\/strong><br>\ud83d\udcc5 <strong>Datum:<\/strong> 26. M\u00e4rz 2026<br>\ud83d\udccd <strong>Ort:<\/strong> Metz Congr\u00e8s Robert Schuman<br>\ud83d\udd52 <strong>Von 15:00 bis 19:00 Uhr<\/strong><\/p>\n\n\n\n<p><\/p>\n","protected":false},"featured_media":58061,"template":"","tags":[465,461,434,432,448,517,454,439,650,827],"frge_profile":[225],"frge_event_categories":[],"class_list":["post-58066","frge_events","type-frge_events","status-publish","has-post-thumbnail","hentry","tag-arbeit","tag-arbeitnehmer","tag-belgien","tag-deutschland","tag-frankreich","tag-grengaenger","tag-luxemburg","tag-schritte","tag-unternehmen","tag-unternehmensgruendung","frge_profile-arbeitnehmer"],"yoast_head":"<!-- This site is optimized with the Yoast SEO plugin v27.1.1 - https:\/\/yoast.com\/product\/yoast-seo-wordpress\/ -->\n<title>Messe Cap Entrepreneuriat - Frontaliers Grand Est<\/title>\n<meta name=\"robots\" content=\"index, follow, max-snippet:-1, max-image-preview:large, max-video-preview:-1\" \/>\n<link rel=\"canonical\" href=\"https:\/\/frontaliers-grandest.eu\/de\/veranstaltungen\/messe-cap-entrepreneuriat\/\" \/>\n<meta property=\"og:locale\" content=\"de_DE\" \/>\n<meta property=\"og:type\" content=\"article\" \/>\n<meta property=\"og:title\" content=\"Messe Cap Entrepreneuriat - Frontaliers Grand Est\" \/>\n<meta property=\"og:description\" content=\"Planen Sie die Gr\u00fcndung oder \u00dcbernahme eines Unternehmens? Verpassen Sie nicht die Messe Cap Entrepreneuriat, die am 26. M\u00e4rz 2026 im Metz Congr\u00e8s Robert Schuman stattfindet. Diese Veranstaltung bringt die wichtigsten Akteure der Gr\u00fcndungs- und Nachfolgeberatung zusammen, um Ihnen konkrete und individuelle Beratung zu bieten und Sie bei der Umsetzung Ihres beruflichen Projekts zu unterst\u00fctzen. [&hellip;]\" \/>\n<meta property=\"og:url\" content=\"https:\/\/frontaliers-grandest.eu\/de\/veranstaltungen\/messe-cap-entrepreneuriat\/\" \/>\n<meta property=\"og:site_name\" content=\"Frontaliers Grand Est\" \/>\n<meta property=\"article:publisher\" content=\"https:\/\/www.facebook.com\/frontaliers.GR.EST\/?locale=fr_FR\" \/>\n<meta property=\"article:modified_time\" content=\"2026-03-03T15:19:41+00:00\" \/>\n<meta property=\"og:image\" content=\"https:\/\/frontaliers-grandest.eu\/wp-content\/uploads\/2026\/03\/Capture-decran-2026-03-02-123631.png\" \/>\n\t<meta property=\"og:image:width\" content=\"964\" \/>\n\t<meta property=\"og:image:height\" content=\"636\" \/>\n\t<meta property=\"og:image:type\" content=\"image\/png\" \/>\n<meta name=\"twitter:card\" content=\"summary_large_image\" \/>\n<meta name=\"twitter:label1\" content=\"Gesch\u00e4tzte Lesezeit\" \/>\n\t<meta name=\"twitter:data1\" content=\"1\u00a0Minute\" \/>\n<script type=\"application\/ld+json\" class=\"yoast-schema-graph\">{\"@context\":\"https:\/\/schema.org\",\"@graph\":[{\"@type\":\"WebPage\",\"@id\":\"https:\/\/frontaliers-grandest.eu\/de\/veranstaltungen\/messe-cap-entrepreneuriat\/\",\"url\":\"https:\/\/frontaliers-grandest.eu\/de\/veranstaltungen\/messe-cap-entrepreneuriat\/\",\"name\":\"Messe Cap Entrepreneuriat - Frontaliers Grand Est\",\"isPartOf\":{\"@id\":\"https:\/\/frontaliers-grandest.eu\/de\/#website\"},\"primaryImageOfPage\":{\"@id\":\"https:\/\/frontaliers-grandest.eu\/de\/veranstaltungen\/messe-cap-entrepreneuriat\/#primaryimage\"},\"image\":{\"@id\":\"https:\/\/frontaliers-grandest.eu\/de\/veranstaltungen\/messe-cap-entrepreneuriat\/#primaryimage\"},\"thumbnailUrl\":\"https:\/\/frontaliers-grandest.eu\/wp-content\/uploads\/2026\/03\/Capture-decran-2026-03-02-123631.png\",\"datePublished\":\"2026-03-03T15:19:40+00:00\",\"dateModified\":\"2026-03-03T15:19:41+00:00\",\"breadcrumb\":{\"@id\":\"https:\/\/frontaliers-grandest.eu\/de\/veranstaltungen\/messe-cap-entrepreneuriat\/#breadcrumb\"},\"inLanguage\":\"de\",\"potentialAction\":[{\"@type\":\"ReadAction\",\"target\":[\"https:\/\/frontaliers-grandest.eu\/de\/veranstaltungen\/messe-cap-entrepreneuriat\/\"]}]},{\"@type\":\"ImageObject\",\"inLanguage\":\"de\",\"@id\":\"https:\/\/frontaliers-grandest.eu\/de\/veranstaltungen\/messe-cap-entrepreneuriat\/#primaryimage\",\"url\":\"https:\/\/frontaliers-grandest.eu\/wp-content\/uploads\/2026\/03\/Capture-decran-2026-03-02-123631.png\",\"contentUrl\":\"https:\/\/frontaliers-grandest.eu\/wp-content\/uploads\/2026\/03\/Capture-decran-2026-03-02-123631.png\",\"width\":964,\"height\":636},{\"@type\":\"BreadcrumbList\",\"@id\":\"https:\/\/frontaliers-grandest.eu\/de\/veranstaltungen\/messe-cap-entrepreneuriat\/#breadcrumb\",\"itemListElement\":[{\"@type\":\"ListItem\",\"position\":1,\"name\":\"Veranstaltungen\",\"item\":\"https:\/\/frontaliers-grandest.eu\/de\/veranstaltungen\/\"},{\"@type\":\"ListItem\",\"position\":2,\"name\":\"Messe Cap Entrepreneuriat\"}]},{\"@type\":\"WebSite\",\"@id\":\"https:\/\/frontaliers-grandest.eu\/de\/#website\",\"url\":\"https:\/\/frontaliers-grandest.eu\/de\/\",\"name\":\"Frontaliers Grand Est\",\"description\":\"Le site ressource du travail frontalier\",\"publisher\":{\"@id\":\"https:\/\/frontaliers-grandest.eu\/de\/#organization\"},\"alternateName\":\"Frontaliers Grand Est\",\"potentialAction\":[{\"@type\":\"SearchAction\",\"target\":{\"@type\":\"EntryPoint\",\"urlTemplate\":\"https:\/\/frontaliers-grandest.eu\/de\/?s={search_term_string}\"},\"query-input\":{\"@type\":\"PropertyValueSpecification\",\"valueRequired\":true,\"valueName\":\"search_term_string\"}}],\"inLanguage\":\"de\"},{\"@type\":\"Organization\",\"@id\":\"https:\/\/frontaliers-grandest.eu\/de\/#organization\",\"name\":\"Frontaliers Grand Est\",\"alternateName\":\"Frontaliers Grand Est\",\"url\":\"https:\/\/frontaliers-grandest.eu\/de\/\",\"logo\":{\"@type\":\"ImageObject\",\"inLanguage\":\"de\",\"@id\":\"https:\/\/frontaliers-grandest.eu\/de\/#\/schema\/logo\/image\/\",\"url\":\"https:\/\/frontaliers-grandest.eu\/wp-content\/uploads\/2025\/07\/260328234_2966785176920310_3332838526503858160_n.jpg\",\"contentUrl\":\"https:\/\/frontaliers-grandest.eu\/wp-content\/uploads\/2025\/07\/260328234_2966785176920310_3332838526503858160_n.jpg\",\"width\":396,\"height\":396,\"caption\":\"Frontaliers Grand Est\"},\"image\":{\"@id\":\"https:\/\/frontaliers-grandest.eu\/de\/#\/schema\/logo\/image\/\"},\"sameAs\":[\"https:\/\/www.facebook.com\/frontaliers.GR.EST\/?locale=fr_FR\"]}]}<\/script>\n<!-- \/ Yoast SEO plugin. -->","yoast_head_json":{"title":"Messe Cap Entrepreneuriat - Frontaliers Grand Est","robots":{"index":"index","follow":"follow","max-snippet":"max-snippet:-1","max-image-preview":"max-image-preview:large","max-video-preview":"max-video-preview:-1"},"canonical":"https:\/\/frontaliers-grandest.eu\/de\/veranstaltungen\/messe-cap-entrepreneuriat\/","og_locale":"de_DE","og_type":"article","og_title":"Messe Cap Entrepreneuriat - Frontaliers Grand Est","og_description":"Planen Sie die Gr\u00fcndung oder \u00dcbernahme eines Unternehmens? Verpassen Sie nicht die Messe Cap Entrepreneuriat, die am 26. M\u00e4rz 2026 im Metz Congr\u00e8s Robert Schuman stattfindet. Diese Veranstaltung bringt die wichtigsten Akteure der Gr\u00fcndungs- und Nachfolgeberatung zusammen, um Ihnen konkrete und individuelle Beratung zu bieten und Sie bei der Umsetzung Ihres beruflichen Projekts zu unterst\u00fctzen. [&hellip;]","og_url":"https:\/\/frontaliers-grandest.eu\/de\/veranstaltungen\/messe-cap-entrepreneuriat\/","og_site_name":"Frontaliers Grand Est","article_publisher":"https:\/\/www.facebook.com\/frontaliers.GR.EST\/?locale=fr_FR","article_modified_time":"2026-03-03T15:19:41+00:00","og_image":[{"width":964,"height":636,"url":"https:\/\/frontaliers-grandest.eu\/wp-content\/uploads\/2026\/03\/Capture-decran-2026-03-02-123631.png","type":"image\/png"}],"twitter_card":"summary_large_image","twitter_misc":{"Gesch\u00e4tzte Lesezeit":"1\u00a0Minute"},"schema":{"@context":"https:\/\/schema.org","@graph":[{"@type":"WebPage","@id":"https:\/\/frontaliers-grandest.eu\/de\/veranstaltungen\/messe-cap-entrepreneuriat\/","url":"https:\/\/frontaliers-grandest.eu\/de\/veranstaltungen\/messe-cap-entrepreneuriat\/","name":"Messe Cap Entrepreneuriat - Frontaliers Grand Est","isPartOf":{"@id":"https:\/\/frontaliers-grandest.eu\/de\/#website"},"primaryImageOfPage":{"@id":"https:\/\/frontaliers-grandest.eu\/de\/veranstaltungen\/messe-cap-entrepreneuriat\/#primaryimage"},"image":{"@id":"https:\/\/frontaliers-grandest.eu\/de\/veranstaltungen\/messe-cap-entrepreneuriat\/#primaryimage"},"thumbnailUrl":"https:\/\/frontaliers-grandest.eu\/wp-content\/uploads\/2026\/03\/Capture-decran-2026-03-02-123631.png","datePublished":"2026-03-03T15:19:40+00:00","dateModified":"2026-03-03T15:19:41+00:00","breadcrumb":{"@id":"https:\/\/frontaliers-grandest.eu\/de\/veranstaltungen\/messe-cap-entrepreneuriat\/#breadcrumb"},"inLanguage":"de","potentialAction":[{"@type":"ReadAction","target":["https:\/\/frontaliers-grandest.eu\/de\/veranstaltungen\/messe-cap-entrepreneuriat\/"]}]},{"@type":"ImageObject","inLanguage":"de","@id":"https:\/\/frontaliers-grandest.eu\/de\/veranstaltungen\/messe-cap-entrepreneuriat\/#primaryimage","url":"https:\/\/frontaliers-grandest.eu\/wp-content\/uploads\/2026\/03\/Capture-decran-2026-03-02-123631.png","contentUrl":"https:\/\/frontaliers-grandest.eu\/wp-content\/uploads\/2026\/03\/Capture-decran-2026-03-02-123631.png","width":964,"height":636},{"@type":"BreadcrumbList","@id":"https:\/\/frontaliers-grandest.eu\/de\/veranstaltungen\/messe-cap-entrepreneuriat\/#breadcrumb","itemListElement":[{"@type":"ListItem","position":1,"name":"Veranstaltungen","item":"https:\/\/frontaliers-grandest.eu\/de\/veranstaltungen\/"},{"@type":"ListItem","position":2,"name":"Messe Cap Entrepreneuriat"}]},{"@type":"WebSite","@id":"https:\/\/frontaliers-grandest.eu\/de\/#website","url":"https:\/\/frontaliers-grandest.eu\/de\/","name":"Frontaliers Grand Est","description":"Le site ressource du travail frontalier","publisher":{"@id":"https:\/\/frontaliers-grandest.eu\/de\/#organization"},"alternateName":"Frontaliers Grand Est","potentialAction":[{"@type":"SearchAction","target":{"@type":"EntryPoint","urlTemplate":"https:\/\/frontaliers-grandest.eu\/de\/?s={search_term_string}"},"query-input":{"@type":"PropertyValueSpecification","valueRequired":true,"valueName":"search_term_string"}}],"inLanguage":"de"},{"@type":"Organization","@id":"https:\/\/frontaliers-grandest.eu\/de\/#organization","name":"Frontaliers Grand Est","alternateName":"Frontaliers Grand Est","url":"https:\/\/frontaliers-grandest.eu\/de\/","logo":{"@type":"ImageObject","inLanguage":"de","@id":"https:\/\/frontaliers-grandest.eu\/de\/#\/schema\/logo\/image\/","url":"https:\/\/frontaliers-grandest.eu\/wp-content\/uploads\/2025\/07\/260328234_2966785176920310_3332838526503858160_n.jpg","contentUrl":"https:\/\/frontaliers-grandest.eu\/wp-content\/uploads\/2025\/07\/260328234_2966785176920310_3332838526503858160_n.jpg","width":396,"height":396,"caption":"Frontaliers Grand Est"},"image":{"@id":"https:\/\/frontaliers-grandest.eu\/de\/#\/schema\/logo\/image\/"},"sameAs":["https:\/\/www.facebook.com\/frontaliers.GR.EST\/?locale=fr_FR"]}]}},"frge_event_start_date":"2026-03-26","frge_event_end_date":"2026-03-26","frge_event_place":"Metz Congr\u00e8s Robert Schuman","frge_event_link":"","_links":{"self":[{"href":"https:\/\/frontaliers-grandest.eu\/de\/wp-json\/wp\/v2\/events\/58066","targetHints":{"allow":["GET"]}}],"collection":[{"href":"https:\/\/frontaliers-grandest.eu\/de\/wp-json\/wp\/v2\/events"}],"about":[{"href":"https:\/\/frontaliers-grandest.eu\/de\/wp-json\/wp\/v2\/types\/frge_events"}],"version-history":[{"count":6,"href":"https:\/\/frontaliers-grandest.eu\/de\/wp-json\/wp\/v2\/events\/58066\/revisions"}],"predecessor-version":[{"id":58165,"href":"https:\/\/frontaliers-grandest.eu\/de\/wp-json\/wp\/v2\/events\/58066\/revisions\/58165"}],"wp:featuredmedia":[{"embeddable":true,"href":"https:\/\/frontaliers-grandest.eu\/de\/wp-json\/wp\/v2\/media\/58061"}],"wp:attachment":[{"href":"https:\/\/frontaliers-grandest.eu\/de\/wp-json\/wp\/v2\/media?parent=58066"}],"wp:term":[{"taxonomy":"post_tag","embeddable":true,"href":"https:\/\/frontaliers-grandest.eu\/de\/wp-json\/wp\/v2\/tags?post=58066"},{"taxonomy":"frge_profile","embeddable":true,"href":"https:\/\/frontaliers-grandest.eu\/de\/wp-json\/wp\/v2\/frge_profile?post=58066"},{"taxonomy":"frge_event_categories","embeddable":true,"href":"https:\/\/frontaliers-grandest.eu\/de\/wp-json\/wp\/v2\/frge_event_categories?post=58066"}],"curies":[{"name":"wp","href":"https:\/\/api.w.org\/{rel}","templated":true}]}}

<p>Planen Sie die Gründung oder Übernahme eines Unternehmens? Verpassen Sie nicht die Messe <strong>Cap Entrepreneuriat</strong>, die am 26. März 2026 im Metz Congrès Robert Schuman stattfindet.</p>



<p>Diese Veranstaltung bringt die wichtigsten Akteure der Gründungs- und Nachfolgeberatung zusammen, um Ihnen konkrete und individuelle Beratung zu bieten und Sie bei der Umsetzung Ihres beruflichen Projekts zu unterstützen. Ob Sie Ihr Unternehmen in der Moselle gründen möchten oder nach einer Tätigkeit im Ausland eine Rückkehr nach Frankreich planen – diese Messe ist die ideale Gelegenheit, Expertinnen und Experten zu treffen und alle Chancen für Ihren Erfolg zu entdecken.</p>



<p><strong><em>Die Veranstaltung wird von der UE57 organisiert, Partner des EURES-Netzwerks der Großregion</em></strong><em> <strong>!</strong></em></p>



<p><strong>PRAKTISCHE INFORMATIONEN:</strong><br>📅 <strong>Datum:</strong> 26. März 2026<br>📍 <strong>Ort:</strong> Metz Congrès Robert Schuman<br>🕒 <strong>Von 15:00 bis 19:00 Uhr</strong></p>



<p></p>

<!-- This site is optimized with the Yoast SEO plugin v27.1.1 - https://yoast.com/product/yoast-seo-wordpress/ -->
<title>Messe Cap Entrepreneuriat - Frontaliers Grand Est</title>
<meta name="robots" content="index, follow, max-snippet:-1, max-image-preview:large, max-video-preview:-1" />
<link rel="canonical" href="https://frontaliers-grandest.eu/de/veranstaltungen/messe-cap-entrepreneuriat/" />
<meta property="og:locale" content="de_DE" />
<meta property="og:type" content="article" />
<meta property="og:title" content="Messe Cap Entrepreneuriat - Frontaliers Grand Est" />
<meta property="og:description" content="Planen Sie die Gründung oder Übernahme eines Unternehmens? Verpassen Sie nicht die Messe Cap Entrepreneuriat, die am 26. März 2026 im Metz Congrès Robert Schuman stattfindet. Diese Veranstaltung bringt die wichtigsten Akteure der Gründungs- und Nachfolgeberatung zusammen, um Ihnen konkrete und individuelle Beratung zu bieten und Sie bei der Umsetzung Ihres beruflichen Projekts zu unterstützen. [&hellip;]" />
<meta property="og:url" content="https://frontaliers-grandest.eu/de/veranstaltungen/messe-cap-entrepreneuriat/" />
<meta property="og:site_name" content="Frontaliers Grand Est" />
<meta property="article:publisher" content="https://www.facebook.com/frontaliers.GR.EST/?locale=fr_FR" />
<meta property="article:modified_time" content="2026-03-03T15:19:41+00:00" />
<meta property="og:image" content="https://frontaliers-grandest.eu/wp-content/uploads/2026/03/Capture-decran-2026-03-02-123631.png" />
	<meta property="og:image:width" content="964" />
	<meta property="og:image:height" content="636" />
	<meta property="og:image:type" content="image/png" />
<meta name="twitter:card" content="summary_large_image" />
<meta name="twitter:label1" content="Geschätzte Lesezeit" />
	<meta name="twitter:data1" content="1 Minute" />
<script type="application/ld+json" class="yoast-schema-graph">{"@context":"https://schema.org","@graph":[{"@type":"WebPage","@id":"https://frontaliers-grandest.eu/de/veranstaltungen/messe-cap-entrepreneuriat/","url":"https://frontaliers-grandest.eu/de/veranstaltungen/messe-cap-entrepreneuriat/","name":"Messe Cap Entrepreneuriat - Frontaliers Grand Est","isPartOf":{"@id":"https://frontaliers-grandest.eu/de/#website"},"primaryImageOfPage":{"@id":"https://frontaliers-grandest.eu/de/veranstaltungen/messe-cap-entrepreneuriat/#primaryimage"},"image":{"@id":"https://frontaliers-grandest.eu/de/veranstaltungen/messe-cap-entrepreneuriat/#primaryimage"},"thumbnailUrl":"https://frontaliers-grandest.eu/wp-content/uploads/2026/03/Capture-decran-2026-03-02-123631.png","datePublished":"2026-03-03T15:19:40+00:00","dateModified":"2026-03-03T15:19:41+00:00","breadcrumb":{"@id":"https://frontaliers-grandest.eu/de/veranstaltungen/messe-cap-entrepreneuriat/#breadcrumb"},"inLanguage":"de","potentialAction":[{"@type":"ReadAction","target":["https://frontaliers-grandest.eu/de/veranstaltungen/messe-cap-entrepreneuriat/"]}]},{"@type":"ImageObject","inLanguage":"de","@id":"https://frontaliers-grandest.eu/de/veranstaltungen/messe-cap-entrepreneuriat/#primaryimage","url":"https://frontaliers-grandest.eu/wp-content/uploads/2026/03/Capture-decran-2026-03-02-123631.png","contentUrl":"https://frontaliers-grandest.eu/wp-content/uploads/2026/03/Capture-decran-2026-03-02-123631.png","width":964,"height":636},{"@type":"BreadcrumbList","@id":"https://frontaliers-grandest.eu/de/veranstaltungen/messe-cap-entrepreneuriat/#breadcrumb","itemListElement":[{"@type":"ListItem","position":1,"name":"Veranstaltungen","item":"https://frontaliers-grandest.eu/de/veranstaltungen/"},{"@type":"ListItem","position":2,"name":"Messe Cap Entrepreneuriat"}]},{"@type":"WebSite","@id":"https://frontaliers-grandest.eu/de/#website","url":"https://frontaliers-grandest.eu/de/","name":"Frontaliers Grand Est","description":"Le site ressource du travail frontalier","publisher":{"@id":"https://frontaliers-grandest.eu/de/#organization"},"alternateName":"Frontaliers Grand Est","potentialAction":[{"@type":"SearchAction","target":{"@type":"EntryPoint","urlTemplate":"https://frontaliers-grandest.eu/de/?s={search_term_string}"},"query-input":{"@type":"PropertyValueSpecification","valueRequired":true,"valueName":"search_term_string"}}],"inLanguage":"de"},{"@type":"Organization","@id":"https://frontaliers-grandest.eu/de/#organization","name":"Frontaliers Grand Est","alternateName":"Frontaliers Grand Est","url":"https://frontaliers-grandest.eu/de/","logo":{"@type":"ImageObject","inLanguage":"de","@id":"https://frontaliers-grandest.eu/de/#/schema/logo/image/","url":"https://frontaliers-grandest.eu/wp-content/uploads/2025/07/260328234_2966785176920310_3332838526503858160_n.jpg","contentUrl":"https://frontaliers-grandest.eu/wp-content/uploads/2025/07/260328234_2966785176920310_3332838526503858160_n.jpg","width":396,"height":396,"caption":"Frontaliers Grand Est"},"image":{"@id":"https://frontaliers-grandest.eu/de/#/schema/logo/image/"},"sameAs":["https://www.facebook.com/frontaliers.GR.EST/?locale=fr_FR"]}]}</script>
<!-- / Yoast SEO plugin. -->

Planen Sie die Gründung oder Übernahme eines Unternehmens? Verpassen Sie nicht die Messe Cap Entrepreneuriat, die am 26. März 2026 im Metz Congrès Robert Schuman stattfindet. Diese Veranstaltung bringt die wichtigsten Akteure der Gründungs- und Nachfolgeberatung zusammen, um Ihnen konkrete und individuelle Beratung zu bieten und Sie bei der Umsetzung Ihres beruflichen Projekts zu unterstützen. [&hellip;]

Metz Congrès Robert Schuman
